{"id":76,"date":"2021-07-13T17:44:20","date_gmt":"2021-07-13T17:44:20","guid":{"rendered":"https:\/\/elitlak.hu\/?page_id=76"},"modified":"2021-08-02T10:15:10","modified_gmt":"2021-08-02T10:15:10","slug":"belsoepiteszet-lamberiazas","status":"publish","type":"page","link":"https:\/\/elitlak.hu\/?page_id=76","title":{"rendered":"Lamb\u00e9ria felrak\u00e1sa, fa burkolatok"},"content":{"rendered":"\n<p>V\u00e1llalunk belt\u00e9ri, k\u00fclt\u00e9ri lamb\u00e9ri\u00e1z\u00e1st, k\u00fcl\u00f6nb\u00f6z\u0151 faburkolatok kivitelez\u00e9s\u00e9t, korl\u00e1tok kialak\u00edt\u00e1s\u00e1t. <\/p>\n\n\n\n<figure class=\"wp-block-image size-full\"><img loading=\"lazy\" decoding=\"async\" width=\"450\" height=\"573\" src=\"https:\/\/elitlak.hu\/wp-content\/uploads\/2021\/08\/Terasz-fenykep-jo.jpg\" alt=\"\" class=\"wp-image-168\" srcset=\"https:\/\/elitlak.hu\/wp-content\/uploads\/2021\/08\/Terasz-fenykep-jo.jpg 450w, https:\/\/elitlak.hu\/wp-content\/uploads\/2021\/08\/Terasz-fenykep-jo-236x300.jpg 236w\" sizes=\"auto, (max-width: 450px) 100vw, 450px\" \/><\/figure>\n\n\n\n<figure class=\"wp-block-image size-full is-resized\"><img loading=\"lazy\" decoding=\"async\" src=\"https:\/\/elitlak.hu\/wp-content\/uploads\/2021\/08\/Lamberiazas-szoba.jpg\" alt=\"\" class=\"wp-image-171\" width=\"362\" height=\"483\" srcset=\"https:\/\/elitlak.hu\/wp-content\/uploads\/2021\/08\/Lamberiazas-szoba.jpg 450w, https:\/\/elitlak.hu\/wp-content\/uploads\/2021\/08\/Lamberiazas-szoba-225x300.jpg 225w\" sizes=\"auto, (max-width: 362px) 100vw, 362px\" \/><\/figure>\n\n\n\n<figure class=\"wp-block-image size-full is-resized\"><img loading=\"lazy\" decoding=\"async\" src=\"https:\/\/elitlak.hu\/wp-content\/uploads\/2021\/08\/lepcso.jpg\" alt=\"\" class=\"wp-image-196\" width=\"364\" height=\"485\" srcset=\"https:\/\/elitlak.hu\/wp-content\/uploads\/2021\/08\/lepcso.jpg 493w, https:\/\/elitlak.hu\/wp-content\/uploads\/2021\/08\/lepcso-225x300.jpg 225w\" sizes=\"auto, (max-width: 364px) 100vw, 364px\" \/><\/figure>\n\n\n\n<p><\/p>\n","protected":false},"excerpt":{"rendered":"<p>V\u00e1llalunk belt\u00e9ri, k\u00fclt\u00e9ri lamb\u00e9ri\u00e1z\u00e1st, k\u00fcl\u00f6nb\u00f6z\u0151 faburkolatok kivitelez\u00e9s\u00e9t, korl\u00e1tok kialak\u00edt\u00e1s\u00e1t.<\/p>\n","protected":false},"author":1,"featured_media":0,"parent":0,"menu_order":0,"comment_status":"closed","ping_status":"closed","template":"","meta":{"footnotes":""},"class_list":["post-76","page","type-page","status-publish","hentry"],"yoast_head":"<!-- This site is optimized with the Yoast SEO plugin v16.7 - https:\/\/yoast.com\/wordpress\/plugins\/seo\/ -->\n<title>Lamb\u00e9ria felrak\u00e1sa, fa burkolatok - Elit-lak<\/title>\n<meta name=\"robots\" content=\"noindex, follow, max-snippet:-1, max-image-preview:large, max-video-preview:-1\" \/>\n<meta property=\"og:locale\" content=\"hu_HU\" \/>\n<meta property=\"og:type\" content=\"article\" \/>\n<meta property=\"og:title\" content=\"Lamb\u00e9ria felrak\u00e1sa, fa burkolatok - Elit-lak\" \/>\n<meta property=\"og:description\" content=\"V\u00e1llalunk belt\u00e9ri, k\u00fclt\u00e9ri lamb\u00e9ri\u00e1z\u00e1st, k\u00fcl\u00f6nb\u00f6z\u0151 faburkolatok kivitelez\u00e9s\u00e9t, korl\u00e1tok kialak\u00edt\u00e1s\u00e1t.\" \/>\n<meta property=\"og:url\" content=\"https:\/\/elitlak.hu\/?page_id=76\" \/>\n<meta property=\"og:site_name\" content=\"Elit-lak\" \/>\n<meta property=\"article:modified_time\" content=\"2021-08-02T10:15:10+00:00\" \/>\n<meta property=\"og:image\" content=\"https:\/\/elitlak.hu\/wp-content\/uploads\/2021\/08\/Terasz-fenykep-jo.jpg\" \/>\n<meta name=\"twitter:card\" content=\"summary_large_image\" \/>\n<meta name=\"twitter:label1\" content=\"Becs\u00fclt olvas\u00e1si id\u0151\" \/>\n\t<meta name=\"twitter:data1\" content=\"1 perc\" \/>\n<script type=\"application\/ld+json\" class=\"yoast-schema-graph\">{\"@context\":\"https:\/\/schema.org\",\"@graph\":[{\"@type\":\"WebSite\",\"@id\":\"https:\/\/elitlak.hu\/#website\",\"url\":\"https:\/\/elitlak.hu\/\",\"name\":\"Elit-lak\",\"description\":\"\",\"potentialAction\":[{\"@type\":\"SearchAction\",\"target\":{\"@type\":\"EntryPoint\",\"urlTemplate\":\"https:\/\/elitlak.hu\/?s={search_term_string}\"},\"query-input\":\"required name=search_term_string\"}],\"inLanguage\":\"hu\"},{\"@type\":\"ImageObject\",\"@id\":\"https:\/\/elitlak.hu\/?page_id=76#primaryimage\",\"inLanguage\":\"hu\",\"url\":\"https:\/\/elitlak.hu\/wp-content\/uploads\/2021\/08\/Terasz-fenykep-jo.jpg\",\"contentUrl\":\"https:\/\/elitlak.hu\/wp-content\/uploads\/2021\/08\/Terasz-fenykep-jo.jpg\",\"width\":450,\"height\":573},{\"@type\":\"WebPage\",\"@id\":\"https:\/\/elitlak.hu\/?page_id=76#webpage\",\"url\":\"https:\/\/elitlak.hu\/?page_id=76\",\"name\":\"Lamb\\u00e9ria felrak\\u00e1sa, fa burkolatok - Elit-lak\",\"isPartOf\":{\"@id\":\"https:\/\/elitlak.hu\/#website\"},\"primaryImageOfPage\":{\"@id\":\"https:\/\/elitlak.hu\/?page_id=76#primaryimage\"},\"datePublished\":\"2021-07-13T17:44:20+00:00\",\"dateModified\":\"2021-08-02T10:15:10+00:00\",\"breadcrumb\":{\"@id\":\"https:\/\/elitlak.hu\/?page_id=76#breadcrumb\"},\"inLanguage\":\"hu\",\"potentialAction\":[{\"@type\":\"ReadAction\",\"target\":[\"https:\/\/elitlak.hu\/?page_id=76\"]}]},{\"@type\":\"BreadcrumbList\",\"@id\":\"https:\/\/elitlak.hu\/?page_id=76#breadcrumb\",\"itemListElement\":[{\"@type\":\"ListItem\",\"position\":1,\"name\":\"Kezd\\u0151lap\",\"item\":\"https:\/\/elitlak.hu\/\"},{\"@type\":\"ListItem\",\"position\":2,\"name\":\"Lamb\\u00e9ria felrak\\u00e1sa, fa burkolatok\"}]}]}<\/script>\n<!-- \/ Yoast SEO plugin. -->","yoast_head_json":{"title":"Lamb\u00e9ria felrak\u00e1sa, fa burkolatok - Elit-lak","robots":{"index":"noindex","follow":"follow","max-snippet":"max-snippet:-1","max-image-preview":"max-image-preview:large","max-video-preview":"max-video-preview:-1"},"og_locale":"hu_HU","og_type":"article","og_title":"Lamb\u00e9ria felrak\u00e1sa, fa burkolatok - Elit-lak","og_description":"V\u00e1llalunk belt\u00e9ri, k\u00fclt\u00e9ri lamb\u00e9ri\u00e1z\u00e1st, k\u00fcl\u00f6nb\u00f6z\u0151 faburkolatok kivitelez\u00e9s\u00e9t, korl\u00e1tok kialak\u00edt\u00e1s\u00e1t.","og_url":"https:\/\/elitlak.hu\/?page_id=76","og_site_name":"Elit-lak","article_modified_time":"2021-08-02T10:15:10+00:00","og_image":[{"url":"https:\/\/elitlak.hu\/wp-content\/uploads\/2021\/08\/Terasz-fenykep-jo.jpg"}],"twitter_card":"summary_large_image","twitter_misc":{"Becs\u00fclt olvas\u00e1si id\u0151":"1 perc"},"schema":{"@context":"https:\/\/schema.org","@graph":[{"@type":"WebSite","@id":"https:\/\/elitlak.hu\/#website","url":"https:\/\/elitlak.hu\/","name":"Elit-lak","description":"","potentialAction":[{"@type":"SearchAction","target":{"@type":"EntryPoint","urlTemplate":"https:\/\/elitlak.hu\/?s={search_term_string}"},"query-input":"required name=search_term_string"}],"inLanguage":"hu"},{"@type":"ImageObject","@id":"https:\/\/elitlak.hu\/?page_id=76#primaryimage","inLanguage":"hu","url":"https:\/\/elitlak.hu\/wp-content\/uploads\/2021\/08\/Terasz-fenykep-jo.jpg","contentUrl":"https:\/\/elitlak.hu\/wp-content\/uploads\/2021\/08\/Terasz-fenykep-jo.jpg","width":450,"height":573},{"@type":"WebPage","@id":"https:\/\/elitlak.hu\/?page_id=76#webpage","url":"https:\/\/elitlak.hu\/?page_id=76","name":"Lamb\u00e9ria felrak\u00e1sa, fa burkolatok - Elit-lak","isPartOf":{"@id":"https:\/\/elitlak.hu\/#website"},"primaryImageOfPage":{"@id":"https:\/\/elitlak.hu\/?page_id=76#primaryimage"},"datePublished":"2021-07-13T17:44:20+00:00","dateModified":"2021-08-02T10:15:10+00:00","breadcrumb":{"@id":"https:\/\/elitlak.hu\/?page_id=76#breadcrumb"},"inLanguage":"hu","potentialAction":[{"@type":"ReadAction","target":["https:\/\/elitlak.hu\/?page_id=76"]}]},{"@type":"BreadcrumbList","@id":"https:\/\/elitlak.hu\/?page_id=76#breadcrumb","itemListElement":[{"@type":"ListItem","position":1,"name":"Kezd\u0151lap","item":"https:\/\/elitlak.hu\/"},{"@type":"ListItem","position":2,"name":"Lamb\u00e9ria felrak\u00e1sa, fa burkolatok"}]}]}},"_links":{"self":[{"href":"https:\/\/elitlak.hu\/index.php?rest_route=\/wp\/v2\/pages\/76","targetHints":{"allow":["GET"]}}],"collection":[{"href":"https:\/\/elitlak.hu\/index.php?rest_route=\/wp\/v2\/pages"}],"about":[{"href":"https:\/\/elitlak.hu\/index.php?rest_route=\/wp\/v2\/types\/page"}],"author":[{"embeddable":true,"href":"https:\/\/elitlak.hu\/index.php?rest_route=\/wp\/v2\/users\/1"}],"replies":[{"embeddable":true,"href":"https:\/\/elitlak.hu\/index.php?rest_route=%2Fwp%2Fv2%2Fcomments&post=76"}],"version-history":[{"count":10,"href":"https:\/\/elitlak.hu\/index.php?rest_route=\/wp\/v2\/pages\/76\/revisions"}],"predecessor-version":[{"id":198,"href":"https:\/\/elitlak.hu\/index.php?rest_route=\/wp\/v2\/pages\/76\/revisions\/198"}],"wp:attachment":[{"href":"https:\/\/elitlak.hu\/index.php?rest_route=%2Fwp%2Fv2%2Fmedia&parent=76"}],"curies":[{"name":"wp","href":"https:\/\/api.w.org\/{rel}","templated":true}]}}